**2 - 9*t + 10. Determine a(-11).
-12
Let r(d) = -8*d + 81. Determine r(10).
1
Let y(i) = -i**3 - 25*i**2 + 25*i - 26. Give y(-26).
0
Let f(r) = -r - 24. Determine f(-20).
-4
Let i(o) = -15*o + 261. Calculate i(18).
-9
Let r(v) = -v + 20. Give r(-15).
35
Let z(d) = -d**3 + 5*d**2 + 7*d - 8. Determine z(6).
-2
Let f(w) = 6*w - 6. Give f(1).
0
Let l(g) = -31*g + 36. What is l(1)?
5
Let h(w) = -w**3 + 15*w**2 - 30*w + 31. What is h(13)?
-21
Let s(m) = 3*m**2 + 71*m + 49. Calculate s(-23).
3
Let h(q) = 11*q - 27. Calculate h(3).
6
Let m(h) = 17*h + 208. Give m(-13).
-13
Let p(x) = -8*x**3 + 2*x**2 + 1. Determine p(2).
-55
Let w(a) = 6*a + 7. Calculate w(-6).
-29
Let t(q) = -q**2 - 11*q - 21. Give t(-7).
7
Let w(u) = -2*u**2 - 3*u. What is w(-4)?
-20
Let o(w) = 16*w - 58. What is o(3)?
-10
Let j(f) = 19*f**2 + 10*f + 17. What is j(-2)?
73
Let y(l) = -3*l**2 + 6*l - 7. Determine y(4).
-31
Let s(l) = 3*l - 23. Determine s(-4).
-35
Let h(z) = z**3 + 5*z**2 + 5*z + 2. What is h(-4)?
-2
Let v(f) = f**3 + 9*f**2 + 18*f + 29. Calculate v(-7).
1
Let q(h) = 2*h - 65. Determine q(21).
-23
Let i(c) = c**2 - 14*c - 86. Calculate i(20).
34
Let y(n) = n**3 - 9*n**2 + 6*n + 10. Determine y(6).
-62
Let a(i) = 3*i**3 + i + 2. What is a(-1)?
-2
Let r(w) = 52*w - 2. Calculate r(-1).
-54
Let x(f) = -2*f**2 - 4*f + 14. Determine x(7).
-112
Let i(w) = 55*w + 232. Calculate i(-4).
12
Let a(t) = -3*t + 41. Give a(11).
8
Let c(u) = 20*u**2 - u - 2. Determine c(2).
76
Let k(q) = -q**2 - 10*q - 22. Determine k(-10).
-22
Let w(z) = z**3 + 8*z**2 + 1. Give w(-8).
1
Let o(s) = s**2 + 2*s - 6. Give o(-5).
9
Let c(u) = -4*u + 3. What is c(6)?
-21
Let c(h) = 2*h**2 + 11*h + 13. Calculate c(-2).
-1
Let b(w) = -w**3 - 12*w**2 - 15*w - 45. What is b(-11)?
-1
Let b(w) = -w**2 - 19*w + 24. What is b(-20)?
4
Let s(z) = 2*z**3 - 27*z**2 + 12*z - 1. Determine s(13).
-14
Let r(x) = x**3 + x**2 - x - 2. Determine r(2).
8
Let n(m) = 48*m**2 - 432*m + 4. Determine n(9).
4
Let b(w) = w**3 + 15*w**2 - w - 17. What is b(-15)?
-2
Let z(f) = f**2 - 2*f - 9. Give z(6).
15
Let j(b) = 6*b - 366. What is j(59)?
-12
Let i(w) = 7*w - 8. Give i(-4).
-36
Let w(q) = q + 6. What is w(-12)?
-6
Let x(f) = 3*f**2 + 63*f + 43. Calculate x(-20).
-17
Let z(h) = 3*h - 2. Give z(8).
22
Let u(o) = 29*o + 27. Calculate u(-2).
-31
Let b(i) = -i**3 + i**2 + 4*i - 5. Determine b(2).
-1
Let g(s) = -77*s**2 + 3*s + 3. Calculate g(-1).
-77
Let m(w) = w**2 - 11*w + 1. Determine m(11).
1
Let o(h) = -3*h**2 - 9*h + 6. Give o(-5).
-24
Let x(c) = -8*c + 31. Calculate x(7).
-25
Let v(y) = y + 17. What is v(-8)?
9
Let y(v) = 39*v. Calculate y(-3).
-117
Let t(a) = -9*a + 3. Determine t(-1).
12
Let u(b) = b**3 + 7*b**2 + b - 20. Give u(-4).
24
Let y(i) = 2*i**3 - 33*i**2 + 15*i + 16. Calculate y(16).
0
Let f(v) = -v**2 + 2*v - 4. Determine f(4).
-12
Let f(z) = 4*z - 5. Determine f(3).
7
Let s(i) = i**2 + 15*i - 4. Give s(-15).
-4
Let w(j) = -2*j**2 + 11*j + 14. Calculate w(-4).
-62
Let m(d) = 2*d**2 - 4*d + 10. Determine m(4).
26
Let i(u) = -49*u - 14. Determine i(-3).
133
Let k(t) = t**2 - 24*t - 62. Determine k(26).
-10
Let z(k) = -47*k**2 + 144*k - 4. Calculate z(3).
5
Let c(x) = x**3 + 4*x**2 - 5*x + 7. What is c(-5)?
7
Let f(d) = 18*d + 209. Calculate f(-12).
-7
Let d(k) = 2*k**2 - 4*k + 4. Give d(3).
10
Let m(f) = f - 5. Calculate m(6).
1
Let p(g) = -21*g**2 + g + 3. Give p(2).
-79
Let t(z) = -2*z**2 - 6*z + 20. Calculate t(-5).
0
Let t(g) = -g**3 - 17*g**2 - 22*g - 101. Give t(-16).
-5
Let a(o) = -o**3 - 8*o**2 - 2*o - 7. Determine a(-8).
9
Let h(p) = p**3 + 23*p**2 + 22*p - 8. Determine h(-22).
-8
Let a(d) = -2*d**3 - 19*d**2 - 37*d - 21. Give a(-7).
-7
Let z(o) = -8*o + 30. Give z(7).
-26
Let m(h) = -h**3 + h**2 - 2*h - 55. Give m(0).
-55
Let m(v) = 10*v**2 + 8*v. Calculate m(-1).
2
Let g(j) = j**3 + 11*j**2 - 4*j - 28. Determine g(-11).
16
Let l(y) = -4*y**2 - 85*y + 13. Determine l(-21).
34
Let i(b) = b**2 + 12*b - 22. Determine i(-16).
42
Let t(v) = v**2 - 24*v + 15. What is t(23)?
-8
Let u(d) = -d**3 + 9*d**2 + 24*d - 5. Determine u(11).
17
Let g(q) = 2*q**2 - 15*q - 107. What is g(12)?
1
Let i(b) = -3*b**3 - 62*b**2 - 36*b + 88. Give i(-20).
8
Let i(b) = 2*b**3 + 10*b**2 + 5*b - 10. Give i(-4).
2
Let j(y) = 30*y**2 + y - 1. Calculate j(2).
121
Let r(n) = 2*n - 29. Calculate r(12).
-5
Let r(n) = -n**3 + n**2 - 2*n + 2. What is r(1)?
0
Let q(h) = h**2 + 10*h - 28. Calculate q(-13).
11
Let a(y) = -8*y - 61. Calculate a(6).
-109
Let y(w) = -w**2 + 3*w - 3. Determine y(1).
-1
Let u(o) = 23*o + 7. Give u(2).
53
Let s(o) = 6*o - 119. Determine s(0).
-119
Let l(a) = a**3 + 8*a**2 + 6. Calculate l(-8).
6
Let m(o) = -8*o + 1. Determine m(4).
-31
Let a(r) = -r**2 - 7*r + 18. What is a(2)?
0
Let i(x) = 2*x + 9. Determine i(3).
15
Let k(d) = -d**2 + 10*d - 20. Determine k(8).
-4
Let o(x) = x**2 + 7*x + 16. Give o(-9).
34
Let g(j) = -12*j**2 - 14*j + 23. Give g(2).
-53
Let n(z) = 2*z**2 + z - 20. Give n(0).
-20
Let f(b) = -2*b**2 - b + 14. Determine f(3).
-7
Let q(z) = -5*z + 67. What is q(13)?
2
Let f(l) = -2*l**2 + 30*l + 26. What is f(15)?
26
Let m(k) = 6*k - 8. What is m(3)?
10
Let z(a) = 2*a - 10. What is z(8)?
6
Let f(m) = m**3 + 3*m**2 - 6. Give f(-2).
-2
Let k(g) = g**3 + 3*g**2 - 1. Calculate k(-2).
3
Let c(l) = l**3 + 4*l**2 - 4*l - 2. What is c(-4)?
14
Let q(r) = -r**3 - 8*r**2 - 2*r - 9. Calculate q(-8).
7
Let c(w) = -2*w**2 + 9*w - 2. Determine c(6).
-20
Let z(a) = -a**3 - 15*a**2 + 14*a - 35. Calculate z(-16).
-3
Let w(q) = 8*q**3 + q - 2. What is w(1)?
7
Let n(x) = 3*x + 10. What is n(0)?
10
Let n(q) = -q - 5. Give n(3).
-8
Let n(o) = -33*o + 227. Give n(7).
-4
Let d(u) = -u - 1. What is d(2)?
-3
Let t(g) = 3*g - 7. Give t(4).
5
Let r(v) = 5*v - 27. Give r(0).
-27
Let n(h) = 18*h + 5. Calculate n(-2).
-31
Let b(s) = s**2 - 14*s + 40. Calculate b(5).
-5
Let q(b) = 3*b + 4. Determine q(-3).
-5
Let h(i) = i**3 - 5*i**2 - 6*i - 3. Determine h(6).
-3
Let h(b) = b**3 - 7*b**2 + 4*b - 31. Determine h(7).
-3
Let s(p) = -8*p**3 + 119*p**2 + 16*p - 17. Determine s(15).
-2
Let a(m) = -m**2 - 7*m + 4. Determine a(-5).
14
Let x(k) = -6*k + 34. Give x(7).
-8
Let r(c) = -c - 10. Determine r(-11).
1
Let x(k) = -10*k - 3. Give x(1).
-13
Let d(l) = -l**2 - 8*l + 9. Determine d(1).
0
Let h(i) = -i**2 - i + 22. Give h(0).
22
Let j(v) = v**3 - 5*v**2 - 4*v - 69. What is j(7)?
1
Let l(w) = w**3 - 5*w**2 + 8*w - 5. Calculate l(5).
35
Let n(s) = -5*s - 21. What is n(-5)?
4
Let k(j) = -2*j**2 + 7*j + 2. Calculate k(6).
-28
Let h(l) = -l**3 + 5*l**2 + 10*l - 38. Give h(6).
-14
Let t(p) = p**3 - p**2 - 2*p - 3. Determine t(3).
9
Let m(y) = 11*y**2 + y - 6. Calculate m(-2).
36
Let q(m) = 2*m**3 - 2*m**2 - 20*m + 6. Calculate q(5).
106
Let s(q) = 5*q + 6. Determine s(-2).
-4
Let t(d) = -4*d + 50. Calculate t(11).
6
Let j(k) = -2*k**3 - k**2 + 4*k + 5. Give j(-4).
101
Let y(j) = 2*j**2 + 10*j - 4. Give y(-5).
-4
Let z(g) = -g**2 + 3*g. Give z(3).
0
Let w(v) = 8*v. What is w(3)?
24
Let c(z) = -19*z - 226. Give c(-12).
2
Let d(l) = -l**3 - 8*l**2 + 32*l - 5. Calculate d(-11).
6
Let n(b) = 2*b - 4. What is n(16)?
28
Let d(c) = -c**2 + 2*c + 8. What is d(-3)?
-7
Let y(c) = 43*c + 677. Determine y(-16).
-11
Let z(j) = 2*j**3 - 5*j**2 + j. Give z(2).
-2
Let u(d) = -10*d**2 - 3*d. Determine u(2).
-46
Let v(x) = x**2 - 16*x + 59. Determine v(8).
-5
Let b(p) = -4*p - 51. Give b(-12).
-3
Let u(z) = -6*z + 31. Calculate u(10).
-29
Let t(p) = p**3 + 4*p**2 - p - 1. What is t(-3)?
11
Let x(j) = -13*j**2 - 1. Give x(2).
-53
Let t(l) = l**2 - 38*l - 100. What is t(40)?
-20
Let l(j) = j**2 + 9*j - 47. What is l(5)?
23
Let c(p) = -103*p - 9. What is c(0)?
-9
Let n(t) = 2*t**2 - 12*t - 5. Determine n(6).
-5
Let j(b) = 2*b**3 + 18*b**2 - 3*b - 11. Give j(-9).
16
Let l(j) = j**3 + 16*j**2 + 39*j + 3. Give l(-13).
3
Let b(o) = -o**3 - 8*o**2 + 9*o + 7. Determine b(-9).
7
Let p(u) = -28*u**3 + u**2 - 2*u + 1. Give p(1).
-28
Let d(q) = q**3 + 3*q**2 + 2*q - 15. Determine d(0).
-15
Let f(v) = v**3 + 7*v**2 - 7*v + 3. Give f(-8).
-5
Let q(x) = -x**2 - 61*x - 894. Calculate q(-25).
6
Let p(z) = 42*z - 246. Calculate p(6).
6
Let b(p) = 2*p**2 - 6*p - 3. Give b(3).
-3
Let m(b) = b**3 + 8*b**2 - 9*b - 8. Determine m(-9).
-8
Let w(g) = -2*g**2 + 9*g - 4. Determine w(9).
